{"id":2338,"date":"2021-02-22T01:23:55","date_gmt":"2021-02-22T06:23:55","guid":{"rendered":"https:\/\/nexosny.twoinc.com.co\/?page_id=2338"},"modified":"2021-02-25T17:13:58","modified_gmt":"2021-02-25T22:13:58","slug":"servicios-financieros","status":"publish","type":"page","link":"https:\/\/nexosny.com\/website\/es\/servicios-financieros\/","title":{"rendered":"Servicios Financieros"},"content":{"rendered":"\t\t<div data-elementor-type=\"wp-page\" data-elementor-id=\"2338\" class=\"elementor elementor-2338\" data-elementor-settings=\"[]\">\n\t\t\t\t\t\t\t<div class=\"elementor-section-wrap\">\n\t\t\t\t\t\t\t<section class=\"elementor-section elementor-top-section elementor-element elementor-element-25441289 elementor-section-stretched elementor-section-boxed elementor-section-height-default elementor-section-height-default\" data-id=\"25441289\" data-element_type=\"section\" data-settings=\"{&quot;stretch_section&quot;:&quot;section-stretched&quot;}\">\n\t\t\t\t\t\t<div class=\"elementor-container elementor-column-gap-no\">\n\t\t\t\t\t<div class=\"elementor-column elementor-col-100 elementor-top-column elementor-element elementor-element-6ffcf487\" data-id=\"6ffcf487\" data-element_type=\"column\">\n\t\t\t<div class=\"elementor-widget-wrap elementor-element-populated\">\n\t\t\t\t\t\t\t\t<section class=\"elementor-section elementor-inner-section elementor-element elementor-element-3d09167f elementor-section-boxed elementor-section-height-default elementor-section-height-default\" data-id=\"3d09167f\" data-element_type=\"section\">\n\t\t\t\t\t\t<div class=\"elementor-container elementor-column-gap-no\">\n\t\t\t\t\t<div class=\"elementor-column elementor-col-100 elementor-inner-column elementor-element elementor-element-5a11cba0\" data-id=\"5a11cba0\" data-element_type=\"column\">\n\t\t\t<div class=\"elementor-widget-wrap elementor-element-populated\">\n\t\t\t\t\t\t\t\t<div class=\"elementor-element elementor-element-2dbaddda elementor-widget elementor-widget-gyan_title\" data-id=\"2dbaddda\" data-element_type=\"widget\" data-widget_type=\"gyan_title.default\">\n\t\t\t\t<div class=\"elementor-widget-container\">\n\t\t\t\t\t<div class=\"gyan-title\">\r\n\t\t\t<h1 class=\"gyan-title-heading\">SERVICIOS FINANCIEROS NEXOS<\/h1>\t\t<\/div>\r\n\t\t\t\t<\/div>\n\t\t\t\t<\/div>\n\t\t\t\t\t<\/div>\n\t\t<\/div>\n\t\t\t\t\t\t\t<\/div>\n\t\t<\/section>\n\t\t\t\t\t<\/div>\n\t\t<\/div>\n\t\t\t\t\t\t\t<\/div>\n\t\t<\/section>\n\t\t\t\t<section class=\"elementor-section elementor-top-section elementor-element elementor-element-9de60be elementor-section-boxed elementor-section-height-default elementor-section-height-default\" data-id=\"9de60be\" data-element_type=\"section\">\n\t\t\t\t\t\t<div class=\"elementor-container elementor-column-gap-default\">\n\t\t\t\t\t<div class=\"elementor-column elementor-col-50 elementor-top-column elementor-element elementor-element-8a38940\" data-id=\"8a38940\" data-element_type=\"column\">\n\t\t\t<div class=\"elementor-widget-wrap elementor-element-populated\">\n\t\t\t\t\t\t\t\t<div class=\"elementor-element elementor-element-72505d95 elementor-widget elementor-widget-image\" data-id=\"72505d95\" data-element_type=\"widget\" data-widget_type=\"image.default\">\n\t\t\t\t<div class=\"elementor-widget-container\">\n\t\t\t\t\t<div class=\"elementor-image\">\n\t\t\t\t\t\t\t\t\t\t<img loading=\"lazy\" decoding=\"async\" width=\"1024\" height=\"680\" src=\"https:\/\/nexosny.com\/website\/wp-content\/uploads\/2021\/02\/Exports-Financing-1-1024x680.jpg\" class=\"attachment-large size-large\" alt=\"\" srcset=\"https:\/\/nexosny.com\/website\/wp-content\/uploads\/2021\/02\/Exports-Financing-1-1024x680.jpg 1024w, https:\/\/nexosny.com\/website\/wp-content\/uploads\/2021\/02\/Exports-Financing-1-300x199.jpg 300w, https:\/\/nexosny.com\/website\/wp-content\/uploads\/2021\/02\/Exports-Financing-1-768x510.jpg 768w, https:\/\/nexosny.com\/website\/wp-content\/uploads\/2021\/02\/Exports-Financing-1-1536x1020.jpg 1536w, https:\/\/nexosny.com\/website\/wp-content\/uploads\/2021\/02\/Exports-Financing-1-2048x1359.jpg 2048w\" sizes=\"auto, (max-width: 1024px) 100vw, 1024px\" \/>\t\t\t\t\t\t\t\t\t\t\t<\/div>\n\t\t\t\t<\/div>\n\t\t\t\t<\/div>\n\t\t\t\t<div class=\"elementor-element elementor-element-db27c79 elementor-widget elementor-widget-gyan_title\" data-id=\"db27c79\" data-element_type=\"widget\" data-widget_type=\"gyan_title.default\">\n\t\t\t\t<div class=\"elementor-widget-container\">\n\t\t\t\t\t<div class=\"gyan-title\">\r\n\t\t\t<h3 class=\"gyan-title-heading\">Financiaci\u00f3n de las Exportaciones de USA<\/h3>\t\t<\/div>\r\n\t\t\t\t<\/div>\n\t\t\t\t<\/div>\n\t\t\t\t<div class=\"elementor-element elementor-element-bfab577 elementor-align-center elementor-widget elementor-widget-button\" data-id=\"bfab577\" data-element_type=\"widget\" data-widget_type=\"button.default\">\n\t\t\t\t<div class=\"elementor-widget-container\">\n\t\t\t\t\t<div class=\"elementor-button-wrapper\">\n\t\t\t<a href=\"https:\/\/nexosny.com\/website\/es\/servicios-financieros\/financiacion-de-las-exportaciones-de-usa\/\" class=\"elementor-button-link elementor-button elementor-size-md\" role=\"button\">\n\t\t\t\t\t\t<span class=\"elementor-button-content-wrapper\">\n\t\t\t\t\t\t<span class=\"elementor-button-text\">Saber m\u00e1s<\/span>\n\t\t<\/span>\n\t\t\t\t\t<\/a>\n\t\t<\/div>\n\t\t\t\t<\/div>\n\t\t\t\t<\/div>\n\t\t\t\t\t<\/div>\n\t\t<\/div>\n\t\t\t\t<div class=\"elementor-column elementor-col-50 elementor-top-column elementor-element elementor-element-5d859cc\" data-id=\"5d859cc\" data-element_type=\"column\">\n\t\t\t<div class=\"elementor-widget-wrap elementor-element-populated\">\n\t\t\t\t\t\t\t\t<div class=\"elementor-element elementor-element-efed3dd elementor-widget elementor-widget-image\" data-id=\"efed3dd\" data-element_type=\"widget\" data-widget_type=\"image.default\">\n\t\t\t\t<div class=\"elementor-widget-container\">\n\t\t\t\t\t<div class=\"elementor-image\">\n\t\t\t\t\t\t\t\t\t\t<img loading=\"lazy\" decoding=\"async\" width=\"768\" height=\"512\" src=\"https:\/\/nexosny.com\/website\/wp-content\/uploads\/2021\/02\/Business-Development-768x512.jpg\" class=\"attachment-medium_large size-medium_large\" alt=\"\" srcset=\"https:\/\/nexosny.com\/website\/wp-content\/uploads\/2021\/02\/Business-Development-768x512.jpg 768w, https:\/\/nexosny.com\/website\/wp-content\/uploads\/2021\/02\/Business-Development-300x200.jpg 300w, https:\/\/nexosny.com\/website\/wp-content\/uploads\/2021\/02\/Business-Development-1024x683.jpg 1024w, https:\/\/nexosny.com\/website\/wp-content\/uploads\/2021\/02\/Business-Development-1536x1024.jpg 1536w, https:\/\/nexosny.com\/website\/wp-content\/uploads\/2021\/02\/Business-Development-2048x1366.jpg 2048w\" sizes=\"auto, (max-width: 768px) 100vw, 768px\" \/>\t\t\t\t\t\t\t\t\t\t\t<\/div>\n\t\t\t\t<\/div>\n\t\t\t\t<\/div>\n\t\t\t\t<div class=\"elementor-element elementor-element-0e7173c elementor-widget elementor-widget-gyan_title\" data-id=\"0e7173c\" data-element_type=\"widget\" data-widget_type=\"gyan_title.default\">\n\t\t\t\t<div class=\"elementor-widget-container\">\n\t\t\t\t\t<div class=\"gyan-title\">\r\n\t\t\t<h3 class=\"gyan-title-heading\">Desarrollo de Negocios en USA<\/h3>\t\t<\/div>\r\n\t\t\t\t<\/div>\n\t\t\t\t<\/div>\n\t\t\t\t<div class=\"elementor-element elementor-element-5f752f9 elementor-align-center elementor-widget elementor-widget-button\" data-id=\"5f752f9\" data-element_type=\"widget\" data-widget_type=\"button.default\">\n\t\t\t\t<div class=\"elementor-widget-container\">\n\t\t\t\t\t<div class=\"elementor-button-wrapper\">\n\t\t\t<a href=\"https:\/\/nexosny.com\/website\/es\/servicios-financieros\/desarrollo-de-negocios-en-usa\/\" class=\"elementor-button-link elementor-button elementor-size-md\" role=\"button\">\n\t\t\t\t\t\t<span class=\"elementor-button-content-wrapper\">\n\t\t\t\t\t\t<span class=\"elementor-button-text\">Saber m\u00e1s<\/span>\n\t\t<\/span>\n\t\t\t\t\t<\/a>\n\t\t<\/div>\n\t\t\t\t<\/div>\n\t\t\t\t<\/div>\n\t\t\t\t\t<\/div>\n\t\t<\/div>\n\t\t\t\t\t\t\t<\/div>\n\t\t<\/section>\n\t\t\t\t<section class=\"elementor-section elementor-top-section elementor-element elementor-element-3171199 elementor-section-boxed elementor-section-height-default elementor-section-height-default\" data-id=\"3171199\" data-element_type=\"section\">\n\t\t\t\t\t\t<div class=\"elementor-container elementor-column-gap-default\">\n\t\t\t\t\t<div class=\"elementor-column elementor-col-100 elementor-top-column elementor-element elementor-element-64d53eb\" data-id=\"64d53eb\" data-element_type=\"column\">\n\t\t\t<div class=\"elementor-widget-wrap elementor-element-populated\">\n\t\t\t\t\t\t\t\t<div class=\"elementor-element elementor-element-e36f789 elementor-widget elementor-widget-spacer\" data-id=\"e36f789\" data-element_type=\"widget\" data-widget_type=\"spacer.default\">\n\t\t\t\t<div class=\"elementor-widget-container\">\n\t\t\t\t\t<div class=\"elementor-spacer\">\n\t\t\t<div class=\"elementor-spacer-inner\"><\/div>\n\t\t<\/div>\n\t\t\t\t<\/div>\n\t\t\t\t<\/div>\n\t\t\t\t\t<\/div>\n\t\t<\/div>\n\t\t\t\t\t\t\t<\/div>\n\t\t<\/section>\n\t\t\t\t<section class=\"elementor-section elementor-top-section elementor-element elementor-element-34acf9d elementor-section-boxed elementor-section-height-default elementor-section-height-default\" data-id=\"34acf9d\" data-element_type=\"section\">\n\t\t\t\t\t\t<div class=\"elementor-container elementor-column-gap-default\">\n\t\t\t\t\t<div class=\"elementor-column elementor-col-50 elementor-top-column elementor-element elementor-element-5fc3a48\" data-id=\"5fc3a48\" data-element_type=\"column\">\n\t\t\t<div class=\"elementor-widget-wrap elementor-element-populated\">\n\t\t\t\t\t\t\t\t<div class=\"elementor-element elementor-element-d62f92b elementor-widget elementor-widget-image\" data-id=\"d62f92b\" data-element_type=\"widget\" data-widget_type=\"image.default\">\n\t\t\t\t<div class=\"elementor-widget-container\">\n\t\t\t\t\t<div class=\"elementor-image\">\n\t\t\t\t\t\t\t\t\t\t<img loading=\"lazy\" decoding=\"async\" width=\"1024\" height=\"683\" src=\"https:\/\/nexosny.com\/website\/wp-content\/uploads\/2021\/02\/Insurance-Brokerage-2-1-1024x683.jpg\" class=\"attachment-large size-large\" alt=\"\" srcset=\"https:\/\/nexosny.com\/website\/wp-content\/uploads\/2021\/02\/Insurance-Brokerage-2-1-1024x683.jpg 1024w, https:\/\/nexosny.com\/website\/wp-content\/uploads\/2021\/02\/Insurance-Brokerage-2-1-300x200.jpg 300w, https:\/\/nexosny.com\/website\/wp-content\/uploads\/2021\/02\/Insurance-Brokerage-2-1-768x512.jpg 768w, https:\/\/nexosny.com\/website\/wp-content\/uploads\/2021\/02\/Insurance-Brokerage-2-1-1536x1024.jpg 1536w, https:\/\/nexosny.com\/website\/wp-content\/uploads\/2021\/02\/Insurance-Brokerage-2-1-2048x1365.jpg 2048w\" sizes=\"auto, (max-width: 1024px) 100vw, 1024px\" \/>\t\t\t\t\t\t\t\t\t\t\t<\/div>\n\t\t\t\t<\/div>\n\t\t\t\t<\/div>\n\t\t\t\t<div class=\"elementor-element elementor-element-7075470 elementor-widget elementor-widget-gyan_title\" data-id=\"7075470\" data-element_type=\"widget\" data-widget_type=\"gyan_title.default\">\n\t\t\t\t<div class=\"elementor-widget-container\">\n\t\t\t\t\t<div class=\"gyan-title\">\r\n\t\t\t<h3 class=\"gyan-title-heading\">Agencia de Seguros \u2013 NY<\/h3>\t\t<\/div>\r\n\t\t\t\t<\/div>\n\t\t\t\t<\/div>\n\t\t\t\t<div class=\"elementor-element elementor-element-a7bda82 elementor-align-center elementor-widget elementor-widget-button\" data-id=\"a7bda82\" data-element_type=\"widget\" data-widget_type=\"button.default\">\n\t\t\t\t<div class=\"elementor-widget-container\">\n\t\t\t\t\t<div class=\"elementor-button-wrapper\">\n\t\t\t<a href=\"https:\/\/nexosny.com\/website\/es\/servicios-financieros\/agencia-de-seguros-ny\/\" class=\"elementor-button-link elementor-button elementor-size-md\" role=\"button\">\n\t\t\t\t\t\t<span class=\"elementor-button-content-wrapper\">\n\t\t\t\t\t\t<span class=\"elementor-button-text\">Saber m\u00e1s<\/span>\n\t\t<\/span>\n\t\t\t\t\t<\/a>\n\t\t<\/div>\n\t\t\t\t<\/div>\n\t\t\t\t<\/div>\n\t\t\t\t\t<\/div>\n\t\t<\/div>\n\t\t\t\t<div class=\"elementor-column elementor-col-50 elementor-top-column elementor-element elementor-element-fceaa89\" data-id=\"fceaa89\" data-element_type=\"column\">\n\t\t\t<div class=\"elementor-widget-wrap elementor-element-populated\">\n\t\t\t\t\t\t\t\t<div class=\"elementor-element elementor-element-f2aca39 elementor-widget elementor-widget-image\" data-id=\"f2aca39\" data-element_type=\"widget\" data-widget_type=\"image.default\">\n\t\t\t\t<div class=\"elementor-widget-container\">\n\t\t\t\t\t<div class=\"elementor-image\">\n\t\t\t\t\t\t\t\t\t\t<img loading=\"lazy\" decoding=\"async\" width=\"1024\" height=\"683\" src=\"https:\/\/nexosny.com\/website\/wp-content\/uploads\/2021\/02\/Commercial-Real-Estate-Financing-and-cash-flow-1024x683.jpg\" class=\"attachment-large size-large\" alt=\"\" srcset=\"https:\/\/nexosny.com\/website\/wp-content\/uploads\/2021\/02\/Commercial-Real-Estate-Financing-and-cash-flow-1024x683.jpg 1024w, https:\/\/nexosny.com\/website\/wp-content\/uploads\/2021\/02\/Commercial-Real-Estate-Financing-and-cash-flow-300x200.jpg 300w, https:\/\/nexosny.com\/website\/wp-content\/uploads\/2021\/02\/Commercial-Real-Estate-Financing-and-cash-flow-768x512.jpg 768w, https:\/\/nexosny.com\/website\/wp-content\/uploads\/2021\/02\/Commercial-Real-Estate-Financing-and-cash-flow-1536x1024.jpg 1536w, https:\/\/nexosny.com\/website\/wp-content\/uploads\/2021\/02\/Commercial-Real-Estate-Financing-and-cash-flow-2048x1366.jpg 2048w\" sizes=\"auto, (max-width: 1024px) 100vw, 1024px\" \/>\t\t\t\t\t\t\t\t\t\t\t<\/div>\n\t\t\t\t<\/div>\n\t\t\t\t<\/div>\n\t\t\t\t<div class=\"elementor-element elementor-element-d656460 elementor-widget elementor-widget-gyan_title\" data-id=\"d656460\" data-element_type=\"widget\" data-widget_type=\"gyan_title.default\">\n\t\t\t\t<div class=\"elementor-widget-container\">\n\t\t\t\t\t<div class=\"gyan-title\">\r\n\t\t\t<h3 class=\"gyan-title-heading\">Financiaci\u00f3n de Finca Raiz Comercial - Flujo de caja - NY<\/h3>\t\t<\/div>\r\n\t\t\t\t<\/div>\n\t\t\t\t<\/div>\n\t\t\t\t<div class=\"elementor-element elementor-element-d77a57f elementor-align-center elementor-widget elementor-widget-button\" data-id=\"d77a57f\" data-element_type=\"widget\" data-widget_type=\"button.default\">\n\t\t\t\t<div class=\"elementor-widget-container\">\n\t\t\t\t\t<div class=\"elementor-button-wrapper\">\n\t\t\t<a href=\"https:\/\/nexosny.com\/website\/es\/servicios-financieros\/financiacion-de-finca-raiz-comercial-flujo-de-caja-ny\/\" class=\"elementor-button-link elementor-button elementor-size-md\" role=\"button\">\n\t\t\t\t\t\t<span class=\"elementor-button-content-wrapper\">\n\t\t\t\t\t\t<span class=\"elementor-button-text\">Saber m\u00e1s<\/span>\n\t\t<\/span>\n\t\t\t\t\t<\/a>\n\t\t<\/div>\n\t\t\t\t<\/div>\n\t\t\t\t<\/div>\n\t\t\t\t\t<\/div>\n\t\t<\/div>\n\t\t\t\t\t\t\t<\/div>\n\t\t<\/section>\n\t\t\t\t\t\t<\/div>\n\t\t\t\t\t<\/div>\n\t\t","protected":false},"excerpt":{"rendered":"<p>SERVICIOS FINANCIEROS NEXOS Financiaci\u00f3n de las Exportaciones de USA Saber m\u00e1s Desarrollo de Negocios en USA Saber m\u00e1s Agencia de Seguros \u2013 NY Saber m\u00e1s Financiaci\u00f3n de Finca Raiz Comercial &#8211; Flujo de caja &#8211; NY Saber m\u00e1s<\/p>\n","protected":false},"author":3,"featured_media":0,"parent":0,"menu_order":0,"comment_status":"closed","ping_status":"closed","template":"elementor_header_footer","meta":{"footnotes":""},"class_list":["post-2338","page","type-page","status-publish","hentry"],"lang":"es","translations":{"es":2338,"en":395},"pll_sync_post":[],"_links":{"self":[{"href":"https:\/\/nexosny.com\/website\/wp-json\/wp\/v2\/pages\/2338","targetHints":{"allow":["GET"]}}],"collection":[{"href":"https:\/\/nexosny.com\/website\/wp-json\/wp\/v2\/pages"}],"about":[{"href":"https:\/\/nexosny.com\/website\/wp-json\/wp\/v2\/types\/page"}],"author":[{"embeddable":true,"href":"https:\/\/nexosny.com\/website\/wp-json\/wp\/v2\/users\/3"}],"replies":[{"embeddable":true,"href":"https:\/\/nexosny.com\/website\/wp-json\/wp\/v2\/comments?post=2338"}],"version-history":[{"count":23,"href":"https:\/\/nexosny.com\/website\/wp-json\/wp\/v2\/pages\/2338\/revisions"}],"predecessor-version":[{"id":2824,"href":"https:\/\/nexosny.com\/website\/wp-json\/wp\/v2\/pages\/2338\/revisions\/2824"}],"wp:attachment":[{"href":"https:\/\/nexosny.com\/website\/wp-json\/wp\/v2\/media?parent=2338"}],"curies":[{"name":"wp","href":"https:\/\/api.w.org\/{rel}","templated":true}]}}